q(z) = -33*z + 4. Let d be q(-2). Suppose -d = -o - 1. What is the units digit of o?
9
Let d = -55 + 56. What is the units digit of (-12)/6 + -1 - (d + -205)?
1
Suppose -z = 4*t - 9*t + 1077, 5*z = t - 5433. Let w = z + 1826. What is the units digit of w?
9
What is the units digit of (-3)/(-2) - (23870/(-20) + 11)?
4
Let i(x) = -68*x - 35. Let w be i(-4). Let h = w + 159. What is the tens digit of h?
9
Suppose -15 = -3*w + 276. Suppose 100*u - w*u - 210 = 0. What is the tens digit of u?
7
Let o(c) = 2504*c**2 - 783*c + 1569. What is the units digit of o(2)?
9
Let g = 27744 - 18936. What is the thousands digit of g?
8
Suppose 0 = -3*f + 5739 - 1788. Suppose 0 = -63*h + 66*h - f. What is the tens digit of h?
3
Suppose y - 5*y - 2997 = -3*p, p - 1497 = 2*y. Let q = y + 1103. What is the tens digit of q?
5
Let c be (21/(-7) - 0)/(-1). Suppose 0 = -7*l - c*l + 5060. What is the tens digit of l?
0
Suppose -2*x - 459 = 3*g, -5*x = -8*g + 13*g + 770. Let f = g + 311. What is the hundreds digit of f?
1
What is the units digit of ((-3)/36*-3)/(3/(-369288)*-6)?
9
Suppose -2*x + 371 - 81 = 0. What is the tens digit of -6*x/(-15) - 2?
5
Let j(s) = -25*s + 91. Let v be j(9). Let b = v - -526. What is the tens digit of b?
9
Suppose -a = 17*a - 58*a + 808200. What is the units digit of a?
5
What is the ten thousands digit of 520/(-455)*171388/(-16)?
1
Let s(q) = 9*q - 30. Let u(x) = -8*x + 29. Let g(t) = 2*s(t) + 3*u(t). Let o be g(20). Let w = o - -195. What is the tens digit of w?
0
Suppose 8*c = 23 + 9. Suppose -884 = -c*a - 124. What is the hundreds digit of a?
1
Suppose 0 = -i - 6, 3*h - 559*i = -564*i + 47916. What is the hundreds digit of h?
9
Suppose 5*m + 3250 = 5*v, 0*m + 4*m = -2*v + 1288. Let p = v - 29. What is the units digit of p?
9
Let w(r) = -5 - 27*r - 29*r + 53*r. Let f be w(-3). Suppose -5*s + 436 = -f. What is the tens digit of s?
8
Suppose 175832 = 4*n + 2*i, 537*i - 540*i - 87924 = -2*n. What is the units digit of n?
9
Let g(h) = h**2 + 44*h - 173. Let w be g(-31). Let c = w + 1292. What is the hundreds digit of c?
7
Suppose 2*z - 5*z + 6 = 4*l, -8 = -4*z - 2*l. Suppose -2*b + 2*p = -2356, z*b + 7*p - 4*p - 2346 = 0. What is the hundreds digit of b?
1
Suppose 2*j - 13 + 0 = 3*u, -u - 5 = -j. Suppose j*x - 6*x = 496. Let y = -20 - x. What is the units digit of y?
4
Let h be ((-70)/21)/(1/15). Let j = 0 + h. Let y = j - -53. What is the units digit of y?
3
Suppose 91846 = 203*y + 17345. What is the units digit of y?
7
Suppose 260*l + 2253 = 261*l. What is the units digit of l?
3
Let h = -22 + 22. Let m(n) = 3*n + 252. Let f be m(h). Suppose -20 = 4*g - f. What is the units digit of g?
8
Suppose 13*u - 47 = 12*u. Suppose -55*x + 2368 = -u*x. What is the units digit of x?
6
Let g(w) = 3620*w + 943. What is the tens digit of g(3)?
0
Suppose 2*u = -5*t + 7*t + 400, -t = -1. Suppose 250 - u = 7*j. What is the units digit of j?
7
What is the units digit of (-1428)/70*(4 + -4 + (-4690)/21)?
6
Let t = -5 - -8. Suppose g - 1 = 0, -c = -0*c + t*g - 1451. What is the tens digit of c?
4
Let n = 85 + -80. Let w be 7 - (9 - n/1). Suppose 0 = v - 5*h - 300, -v + w*h - 159 = -451. What is the units digit of v?
0
Let v(s) = 5*s - 20. Let m be v(4). Suppose -4*a + 6*a + 8 = m, 3*x = 5*a - 436. Let f = 321 + x. What is the hundreds digit of f?
1
Let m be ((-2)/1)/(1/(-7)). Let p be m/(-2) - -7 - (-4 + 1). Suppose 0 = -p*n - 4*n + 1491. What is the units digit of n?
3
Let d(s) = 4*s**2 - 5*s + 73. Let a be (-261)/(-36) + (1/(-4) - 0). What is the tens digit of d(a)?
3
Let q = -32 + 35. Let p(c) be the first derivative of 2*c**3/3 - 3*c**2 + 6*c + 10. What is the units digit of p(q)?
6
What is the units digit of 6/4*((-651530)/(-66) - 13)?
8
Let q = -113 + 124. Suppose 15*m - 918 = q*m - 3*s, -m + 4*s = -239. What is the tens digit of m?
3
Suppose -310658 = 103*x - 1114266 - 605432. What is the thousands digit of x?
3
What is the units digit of (-28)/182 + (-12)/(-39)*61367?
2
Let u = 90 - 88. Suppose -o - o = u. What is the units digit of 79*o/(-4) - (-3)/12?
0
Suppose 0 = 43*y - 33*y - 1020. Suppose s + 2*h = 551, s - y = -5*h + 443. What is the units digit of s?
5
Let k = 15567 - 10766. What is the tens digit of k?
0
Let z = 6166 + 11344. What is the units digit of z?
0
Let u(a) = -1601*a - 2329. What is the tens digit of u(-8)?
7
Suppose 0 = -117*d + 728300 + 586897. What is the ten thousands digit of d?
1
Let h(r) = 34788*r**2 - 97*r + 98. What is the ten thousands digit of h(1)?
3
Let q(s) = -592*s + 1. Let m be q(-1). Suppose 16*g + 1825 = m. Let z = -3 - g. What is the tens digit of z?
7
Let t = -165 + 201. Suppose 15*m + t = 2121. What is the tens digit of m?
3
Suppose -4*z - 179 = -g + 330, 0 = -3*g + 5*z + 1499. Let r = g + 413. What is the units digit of r?
6
Let z(v) = -770*v - 9. Let j be z(1). Let h = j + 1216. What is the units digit of h?
7
Suppose -6*u - 47434 = -4*v, -54*v + 52*v - 4*u + 23766 = 0. What is the units digit of v?
9
Suppose 5*j - 13424 = -3*w, -132*w + 129*w + 13438 = -2*j. What is the hundreds digit of w?
4
Let a(s) = 22*s + 1358. What is the hundreds digit of a(86)?
2
Let o(i) = 78*i**2 - 19*i + 14. Let k be o(-4). What is the hundreds digit of (k*9/216)/((-2)/(-32))?
8
Let s(c) = c**3 + 5*c**2 + c - 8. Let m(v) = v**3 + 4*v**2 + 2*v - 8. Let u(r) = -2*m(r) + 3*s(r). Let i be u(-7). What is the units digit of 1028/6 + -2 + i/3?
9
Let f be 6*(-5)/(-10)*-1 + 60. Suppose 17*y - 6143 = -f. What is the tens digit of y?
5
Let y = 82 + -57. What is the tens digit of y + 470 - -1*(-1 - 3)?
9
Let b(i) = i**2 - 13*i. Let a be b(13). Let f(w) be the third derivative of -w**6/120 + w**5/60 - w**4/24 + 21*w**3/2 - 5*w**2. What is the units digit of f(a)?
3
Let g = 89815 - 60021. What is the thousands digit of g?
9
Suppose 0*w - 2*w = -2. Let n(t) = 209*t**3 - 2*t**2 + 7*t - 5. What is the tens digit of n(w)?
0
Let d = 6765 + -1411. What is the units digit of d?
4
Suppose 5*m + 121 = -14*z + 13*z, m - 2*z = -22. Let p(q) = -21*q - 152. What is the hundreds digit of p(m)?
3
Let s = -20301 - -29136. What is the units digit of s?
5
Let o = 100 + -104. What is the tens digit of (-2)/((-5 + o)/180)?
4
Let r(t) = -t**2 - 26*t - 15. Let z be r(-25). What is the tens digit of 9 + (-294)/30 + 2248/z?
2
Suppose 2*z + 2*y - 3216 = -706, 5*z - 6296 = 2*y. What is the hundreds digit of z?
2
Let k = -3715 - -22489. What is the hundreds digit of k?
7
Let t(u) = -u**3 + 7*u**2 + 5*u - 16. Let g be t(7). Suppose g*q + 39 - 172 = 0. What is the units digit of q?
7
Suppose 13*s - 788 = 17*s. Let u = s + 810. What is the units digit of u?
3
Suppose 4*u + 3*q - 10213 = 0, 49*u - 10219 = 45*u - 5*q. What is the tens digit of u?
5
Suppose -96 + 12 = 2*r. Let c be 3714/14 + 12/r. Suppose 5*p - c = 640. What is the hundreds digit of p?
1
Let w(r) = -r**2 - 13. Let n(f) = f**3 - f**2 - f - 11. Let k be n(0). Let c be w(k). Let h = 201 + c. What is the units digit of h?
7
Let v be (-3)/(-21)*0*1. Suppose v = 44*g - 38*g - 2976. What is the tens digit of g?
9
Let q(a) = 29*a**2 + 82*a + 35. What is the hundreds digit of q(11)?
4
Let o be (-25)/(-5)*(28 + 4). Let s be (3/(-2))/((-48)/o). Suppose -w + 562 = 3*i - 2*w, 910 = s*i + 5*w. What is the units digit of i?
6
Suppose -2*t + 4*z + 200 = 0, -2*z - 10 = -7*z. Let n = -10 - -49. Let j = t + n. What is the units digit of j?
3
Suppose 153 = -r - 5*w, -3*r - 234 - 149 = -4*w. Let b = -129 - r. Suppose b*d + 3*m + 217 = 760, 0 = -2*d - m + 269. What is the hundreds digit of d?
1
Let d = 1381 - 1969. Let x = d - -727. What is the hundreds digit of x?
1
Let k(c) = 6*c**3 + 5*c + 8. Let y be k(5). Suppose -156 = -4*r + w + 873, -y = -3*r + 3*w. What is the units digit of r?
6
Suppose -64*n + 31*n - 3422736 = -261*n. What is the hundreds digit of n?
0
Let z(w) = -4*w - 2. Let v = -1 + 0. Let g be z(v). Suppose 23 = -g*t + 153. What is the tens digit of t?
6
Let p be ((-514)/(-3))/(7 + 114/(-18)). Let a = p - 122. What is the hundreds digit of a?
1
Suppose 4859510 - 809618 = 198*k. What is the hundreds digit of k?
4
Suppose -4*q = 22*q - 15340. Suppose g = -g + q. What is the tens digit of g?
9
Suppose i + r - 18701 = 0, -1102*r = -5*i - 1105*r + 93515. What is the hundreds digit of i?
7
Let d(t) = 3*t + 68. Let q(g) =